 5*m - 2*n, -4*m - 4*n + 156 = 0. List the prime factors of 27370/m + 3/(-12).
2, 3, 19
Let f be (-3)/(2 - (-2 + 3)) - -8. Let b(w) = -3*w**2 - 10*w + 9*w + 5*w**3 + 4*w**3 + 13*w**3 + f. What are the prime factors of b(2)?
167
Let k = 13177 - 78. List the prime factors of k.
13099
Let x = 15 - 5. Suppose -4*f - f - x = 0. List the prime factors of f - 126/(6/(-3)).
61
Suppose 21*g - 22 = -127. What are the prime factors of (g - 565/10)/((-3)/8)?
2, 41
Let k(b) = b**3 + 10*b**2 - 5*b - 26. Let n be k(-10). Suppose n*y = -8*y + 17440. What are the prime factors of y?
5, 109
Let q = -82 - -82. Let f(j) = j**2 - 9*j + 2. Let i be f(q). Suppose 751 = 4*k - b - 2*b, 563 = 3*k - i*b. List the prime factors of k.
11, 17
Let b = -47689 + 126653. List the prime factors of b.
2, 19, 1039
Let k = -111 - -84. List the prime factors of (-44 + 5)/(k/(-15) - 2).
3, 5, 13
Let m(t) = 2*t**2 + 20*t + 3. Let u be m(-10). Suppose -12 = -u*w, 5*w + 0*w - 378 = -2*g. What are the prime factors of g?
179
Suppose 5115 - 1375 = 5*t. Suppose -4*m = -2*d + t, -2*m + 206 = 4*d - 1340. List the prime factors of d.
2, 3
Suppose -690082 = -85*s - 2630 + 441348. What are the prime factors of s?
2, 5, 83
List the prime factors of 577113/(-94)*3/((-3)/2).
3, 4093
Let m be -6 - (-12)/3 - -6. Suppose t + 2*s - 12 = 0, -5*t + t + 72 = -m*s. What are the prime factors of t?
2
Let b = -5591 + 10873. What are the prime factors of b?
2, 19, 139
Let o be (-76)/4 + 2 + -4. Let t(q) = q**3 + 8*q**2 - q - 8. Let y be t(-6). Let g = y - o. What are the prime factors of g?
7, 13
Let f = -603 + 601. Suppose 3*r - 4*g - 4 = 0, 3 = -0*r + 3*r - 3*g. List the prime factors of r + 0 - -53 - (-1 + f).
2, 7
Suppose 5*d = 3*x + 2 + 4, -3*d - 8 = 4*x. Suppose d = -3*k + 234 + 81. Suppose -5*l - k = -4*h, 5*h = 3*h - 4*l + 46. List the prime factors of h.
5
Let t = 3791 - 1481. List the prime factors of t.
2, 3, 5, 7, 11
Let g be (-1 - 142)*6/6. Let t = -107 - g. What are the prime factors of t?
2, 3
Suppose 4*n - 11*n + 21 = 0. Suppose -5*c + n*c - h = -847, -3*c = -2*h - 1274. What are the prime factors of c?
2, 53
Suppose 2*n = q + 33, 2*n + 75*q = 77*q + 34. Suppose -10835 = -27*d + n*d. What are the prime factors of d?
5, 197
Let j = -28 - -43. Suppose 0*m + m + j = 0. What are the prime factors of ((-78)/5)/(m/50)?
2, 13
Let h = -579 - -446. Let t = 601 + h. What are the prime factors of t?
2, 3, 13
What are the prime factors of (-22)/(176/(-56)) + 28253?
2, 3, 5, 157
Suppose -70*k + 67*k - 156121 = -4*m, 78065 = 2*m + 3*k. What are the prime factors of m?
23, 1697
Suppose 4*y = -330 + 342. Suppose 0 = 2*b - y*b + 290. What are the prime factors of b?
2, 5, 29
Suppose -64*h - 2*a - 17 = -65*h, 5*a = 0. Suppose 3*f - 3*c - 2190 = 0, h*c - 13*c + 2185 = 3*f. List the prime factors of f.
3, 5, 7
Let f = -522 - -524. List the prime factors of 9/f*(-222)/(-9).
3, 37
Let j = -129 + 148. Let d(w) = -w**3 + w**2 + w + 102. Let o be d(0). Let z = o - j. What are the prime factors of z?
83
Let p(c) = -11*c - 153. Let s be p(-22). Let w = s + 960. What are the prime factors of w?
1049
Let s = -41 + 39. Let d = -11 + s. What are the prime factors of (d - -13) + 0 + 85?
5, 17
Let r(o) = -o - 10. Let p be r(-12). Let n = 711 + -707. Suppose d = -n*h - 4*d + 745, 3*h = -p*d + 550. What are the prime factors of h?
2, 3, 5
Let t(u) = 217*u + 20. Let a be t(-2). Let v = a + 648. What are the prime factors of v?
2, 3, 13
Suppose -l + 2218 = 3*i - 7041, -3*l + 4*i + 27855 = 0. List the prime factors of l.
9277
Let a be (-50)/8*(-544)/340. Suppose -10312 + 2882 = -a*k. List the prime factors of k.
743
Suppose k - 62 = 2380. Suppose h + k = 7*h. List the prime factors of h.
11, 37
Let m(t) = -3*t**2 + 3*t - 3. Let f be m(-4). Let a be 6/(2117/1044 + 2 + -4). Let z = f + a. What are the prime factors of z?
3, 17
Let d(n) be the first derivative of -75*n**2/2 - 18*n + 40. What are the prime factors of d(-5)?
3, 7, 17
Suppose 3*m = -5*h - 31 - 76, 45 = -3*h + 3*m. Let p = h - -136. List the prime factors of p.
3, 13
Let j(g) = 69*g**2 - 4*g + 43. Let y be j(-7). Let c = y - 1783. What are the prime factors of c?
1669
Suppose 5*z = -3*n + 24, 2 - 14 = -5*z + n. Suppose z*p + 7 = 34. Suppose -5*x + p*x - 308 = 0. What are the prime factors of x?
7, 11
Let u(w) = 73*w**2 - 3*w + 2. Let z be u(-3). Suppose 3*p + 20 = 4*p. What are the prime factors of z/p - 12/(-20)?
2, 17
Suppose -19395 = -4*i + 14909. What are the prime factors of i?
2, 67
Let x = -218 - -185. Let i(r) = -17*r + 200. List the prime factors of i(x).
761
Let j = 50786 + 8766. List the prime factors of j.
2, 1861
Suppose -7*v + 19 = 47. Let p be (-3)/((-1 + v)/105). What are the prime factors of p + -1 + 0 + 1?
3, 7
Let a = 1064 + -1463. Let n = a - -1850. What are the prime factors of n?
1451
Let h = 123 + -47. Suppose 0 = t - 3, -5*s - 53*t = -52*t + 42. Let y = s + h. List the prime factors of y.
67
Let k(m) = 13 - 19*m + 26 + 16. Suppose 12*c + 145 - 61 = 0. List the prime factors of k(c).
2, 47
Let h(r) = 3*r**3 - 124*r**2 + 59*r - 1029. List the prime factors of h(43).
10753
Let n(s) = -1 + s + 6*s**2 - 5*s**2 + 0*s**2. Let d be n(2). Suppose -d + 509 = 4*r. What are the prime factors of r?
2, 3, 7
Let l be (-2)/8 - 0 - 180/(-16). Suppose -n = -l*n + 9700. What are the prime factors of n?
2, 5, 97
Let k(m) = -34*m**3 + 2*m**2 - 6*m - 1. List the prime factors of k(-5).
3, 13, 37
Suppose 11*h = 9*h - 404. Let u = h - -434. Suppose 2*p + u = 4*w + 6*p, 8 = 4*p. List the prime factors of w.
2, 7
Suppose 113 = n + 2*n + 5*d, 0 = 4*n - 2*d - 142. Suppose n*c = 33*c + 69. List the prime factors of c.
23
Suppose 0 = 8*c - 3*c - 50. Let n(b) = -2 + b + 8 + b**3 + 0*b**3 - 9*b**2 - 4 + 5. What are the prime factors of n(c)?
3, 13
Let u(z) = 9*z + 13*z**2 + z**3 + 367 - 351 + 3*z. List the prime factors of u(-8).
2, 3, 5
Let m be (-180)/(-4) - (-16)/(-4). Suppose -4*y + 32 = 4*c, m = 5*c - 5*y - 9. Suppose -c*n + 5*n + 312 = 0. What are the prime factors of n?
2, 3, 13
Suppose -30 = -5*u + 5*s, -5*u + s - 54 = -10*u. List the prime factors of u/25 - (-7)/((-70)/(-2316)).
2, 29
Suppose 3*w + 3 = 4*w - 2*f, 2*f + 15 = 5*w. Let d be 1/6*w - 83/(-2). What are the prime factors of 1*128 - (-7 + d/7)?
3, 43
Let m(t) = t**2 - 30*t + 700. List the prime factors of m(34).
2, 11, 19
Let h be ((-3)/(-15))/(1*(-3)/15). Let r(m) be the second derivative of -47*m**3/3 - m**2 - m. List the prime factors of r(h).
2, 23
Let i(m) = -2*m**3 - 35*m**2 + 64*m + 12. Let g(x) = -6*x - 26. Let v be g(-1). List the prime factors of i(v).
2, 3, 61
Let n(z) be the third derivative of z**4/8 + 9*z**3 + 2*z**2. Suppose 0 = -5*y - 3*x - 12, y - 17*x = -13*x + 16. What are the prime factors of n(y)?
2, 3
Let r(w) = 3*w**2 + 83*w + 60. Let f be r(-27). Suppose j = f*k - k - 666, k = j + 134. List the prime factors of k.
7, 19
Let k be (4/10)/(2/560). Suppose 189 + k = f. Suppose -j + f = 6*j. List the prime factors of j.
43
Let b(p) = -p**3 - 9*p**2 - 15*p - 7. Let m be b(-7). Suppose -3*d + 3*j + 1671 = m, -2*d + 4*j + 557 = -d. What are the prime factors of d?
557
Suppose -v - 41 = -42*v. List the prime factors of -118*v/(-1)*4.
2, 59
Let t be 5/((-9)/(126/(-35))). Suppose -2*m + 465 = 5*w - 2*w, 303 = t*w - m. What are the prime factors of w?
3, 17
Suppose k + 2*q - 191 = 3*q, 4*k - 774 = 2*q. List the prime factors of k/6 - ((-153)/(-27) - 7).
2, 17
List the prime factors of 378159/12 - 1/5*245/(-28).
3, 5, 11, 191
Let q(x) = -x**2 + 15*x - 3. Suppose 2*o - 100 = -5*l + o, -3*l + 72 = 3*o. Let n = l - 9. List the prime factors of q(n).
47
Let s(k) = 210*k**2 - 11*k + 63. List the prime factors of s(6).
3, 11, 229
Let q be -3 + -7 - (-14 - -5). Let c(k) = -39*k - 4 + 6*k + 1. What are the prime factors of c(q)?
2, 3, 5
Suppose -2*k - 5*p + 3062 = 0, 5*k - 2*p - 4473 - 3240 = 0. What are the prime factors of k?
23, 67
Let r = 13 + 41. Let g = r + -57. List the prime factors of -5 - -4 - g*(6 - -1).
2, 5
Suppose -13*a + 88672 - 78172 = -175621. What are the prime factors of a?
103, 139
Let s be (3/9)/(4/144). Suppose -9 = -3*m + s. Suppose -4*j = -m*j + 309. List the prime factors of j.
103
Suppose 3*j - 35 = -2*g, -4*j - 5*g = -2*j - 27. Suppose -j*i - 753 + 1974 = 0. List the prime f